 factors of (-200)/i + -2 + 2.
2, 5
Suppose 42*k + 1305 = 47*k. Let r = -170 + k. List the prime factors of r.
7, 13
Let h(p) be the first derivative of 7*p**2 - 6*p + 9. List the prime factors of h(7).
2, 23
Let d be ((-4)/2)/(6/33). What are the prime factors of d/((-4)/48*1)?
2, 3, 11
Let b = 43 - 33. Suppose 3*o = 4*j + b, 4*o + 3*j - 50 = j. What are the prime factors of o?
2, 5
Let v(f) = f**3 + 4*f**2 + f + 3. Let i be v(-4). Let d = 19 - i. What are the prime factors of d?
2, 5
Let i be (4/((-16)/(-22)))/(1/18). Suppose -5*q + i = -606. What are the prime factors of q?
3, 47
Let d(k) = -13*k**2 - k. Suppose -22 = -7*q + 2*q + 3*t, t = 2*q - 8. Let a be d(q). What are the prime factors of 2/(-2) - (a - 6)?
59
Let q(j) be the first derivative of -3*j - 2*j**2 + 6*j**2 - 8*j + 1 + 3*j. List the prime factors of q(5).
2
What are the prime factors of (158/(-6))/(14/(-126))?
3, 79
Let l(g) = 3*g**2 - 6*g - 32. Let u be l(14). Suppose 5*s = 13*s - u. What are the prime factors of s?
59
Let k(i) = -3 + 0 - 1 + 2*i + 3. Let b be 8 + (-3)/(2/(-2)). What are the prime factors of k(b)?
3, 7
Let a be (-9)/(-72) - (-713)/(-8). Let g be -3 + 4 - (-125 + 1). Let f = a + g. What are the prime factors of f?
2, 3
Let j be -3 + 2 + -1 + 0. Let z be 13*(2 - 0)/j. What are the prime factors of z + 12 - (0 + -25)?
2, 3
Suppose -4*f - j + 3932 = 0, 5*f - 4936 = j + 3*j. List the prime factors of f.
2, 3, 41
Suppose 0 = -32*g + 8969 + 30807. What are the prime factors of g?
11, 113
Let z be 84/(-40) - (-1)/10. List the prime factors of z/(-3) + 1112/24.
47
Let l(t) = 819*t - 134. List the prime factors of l(2).
2, 47
What are the prime factors of (1 + 14)/(3/(-192)*-2)?
2, 3, 5
Suppose -6*r + 2*r + 5*x + 13 = 0, -3*r = -x - 7. Suppose -4*f + 17 + 23 = -4*u, -u = -r*f + 16. List the prime factors of f.
2, 3
Let v(l) = l**3 - 5*l**2 + l + 7. Let j be v(5). Let q(x) = 16*x - 6*x + j*x**2 + x**3 + 1 + 6. What are the prime factors of q(-11)?
2, 3
Let k(f) = f**3 + 12*f**2 + 12*f + 16. Let p be k(-11). Suppose -215 = -p*z + 65. List the prime factors of z.
2, 7
Suppose -u - 5*t - 2 = 0, -3*u - 3*t + 11 = -5*t. Suppose u*m - 110 = -4*w - w, 3*m = 4*w - 115. Let q = 27 - w. List the prime factors of q.
2
Let m = -38 + 41. What are the prime factors of (181/(-3) - -3)/((-2)/m)?
2, 43
Let l(g) = -3*g - 16. Let u be l(-6). Suppose 23 = b + 5*p, 5 = -4*b - u*p + 187. List the prime factors of b.
2, 3
Let k(m) = -m**3 - 2*m**2 - 3*m - 4. Let x = -14 + 11. Let j be (-1)/x*18/(-2). What are the prime factors of k(j)?
2, 7
Suppose -5*t = 3*y - 24, 3*t + 0 = -3*y + 12. Suppose 3*l = 5*l - t. What are the prime factors of (-3)/(-9) - (-20)/l?
7
Let z(a) = 47*a**2 - 37*a**2 - 8*a + 0*a + 5. What are the prime factors of z(-4)?
197
Let h = 2942 + -1968. List the prime factors of h.
2, 487
Suppose 5 = 3*o + 5*x, 3 = 5*o - x + 4. Let f(l) = -l**3 + 2*l + 1. Let g be f(-1). Suppose o = -2*v - g*v + 110. List the prime factors of v.
5, 11
Let v = -618 + 1653. List the prime factors of v.
3, 5, 23
Suppose -20 = 3*m - 23. List the prime factors of (-66)/(m/((-4)/8)).
3, 11
Let x(r) = 27*r**2 + 5*r + 1. Let l be x(4). Suppose b = 5*n - l, b - 66 - 118 = -2*n. List the prime factors of n.
7, 13
Let g be (27/12 + -2)*(12 + -4). Suppose -4*c = -9*c + 1185. Suppose -a + c = g*a. List the prime factors of a.
79
Let c(j) = -2*j**2 - 9*j + 10. Let o be c(-7). Let g be (60/o)/((-3)/(-10)). Let m = 1 - g. What are the prime factors of m?
3
Let p = 1075 - 412. What are the prime factors of p?
3, 13, 17
Suppose -3 = -3*a + 12. Suppose -l = -a*k + l + 23, l = -k - 1. Suppose -9*c + 15 = 2*s - 4*c, k*s + 3*c = 27. What are the prime factors of s?
2, 5
Let y(r) = -8*r + 3. Let a = 15 + -14. Let p be y(a). List the prime factors of (-1)/p + 428/10.
43
Suppose -38*l + 44*l - 936 = 0. List the prime factors of l.
2, 3, 13
Let j(p) = p. Let d be j(2). Suppose 0*g = 3*g + 3, 4*w - 5*g - 45 = 0. Suppose s + d = w. What are the prime factors of s?
2
Let q(o) = -o**2 + 8*o + 9. Let b(l) = -l**3 + 5*l**2 - 2*l + 1. Let w be b(2). Let z be q(w). Suppose z = -5*t + 195 + 25. What are the prime factors of t?
2, 11
Let x(s) = s**2. Suppose 5*z + 10 + 16 = 4*f, -2*z + 2*f = 12. Let y be x(z). Suppose -4*a - 136 = -y*i, 0 = -2*i - i - 4*a + 95. List the prime factors of i.
3, 11
Let g be 3 - 0 - (-1 - -6). Let f be (g + -2)*(-5)/5. Suppose 29 = 5*z + n, f*z - 30 = -3*n + 2. List the prime factors of z.
5
Let x(p) = 23*p**3 - p**2 + 4*p - 6. List the prime factors of x(2).
2, 7, 13
Suppose -3*s = 3*s - 828. Suppose -3*b = f - s, -f + 2*f + 5*b = 136. What are the prime factors of f?
3, 47
Suppose 0 = 5*h - 15 - 50. Let v(g) = -8*g - h - g**2 + g + 2*g**2. List the prime factors of v(9).
5
Let p = 1130 + -776. Let c = p - 209. What are the prime factors of c?
5, 29
Suppose 37 = 11*r - 7. Suppose -5*t + 1089 = 2*u, 432 = r*t - 2*t + 2*u. List the prime factors of t.
3, 73
Let d(y) be the third derivative of y**5/10 + y**4/24 - 2*y**3/3 - 14*y**2. What are the prime factors of d(4)?
2, 3
Suppose 0 = -3*j + 4*s - 6 + 28, -2*j - s = 0. Suppose j*d = 2*y - 21 - 17, 60 = 3*y - 4*d. List the prime factors of y.
2
Suppose 2*t = -5 + 11. Let w be (-23 - 0)/((-8)/8). Suppose 5*k + w = 2*d, -4*d - k + 15 = -t*d. What are the prime factors of d?
2, 7
Let g = 98 - 98. What are the prime factors of 254 - -14 - (1 + g)?
3, 89
Let n be (5 + -2)*30/(-9). Let l = n + 26. What are the prime factors of 78/24*l/2?
2, 13
Let g(p) = p**3 + 3*p**2 - 2*p. Let a be g(-2). Let y be 18/3*2/4. Let k = a + y. What are the prime factors of k?
11
Suppose 72916 = 105*r + 8131. List the prime factors of r.
617
Let w = -2215 + 3116. List the prime factors of w.
17, 53
What are the prime factors of (27101/5)/1 + (-36)/(-45)?
3, 13, 139
Let x = 35 + -34. Suppose -w = x + 29. Let c = w - -47. List the prime factors of c.
17
Let g = 710 - 114. List the prime factors of g.
2, 149
Suppose 3*m = 3*q + 84, -m - 3 = q - 35. Let h be (-6)/m - 41/(-5). Suppose 2*v + 4*w - h = 20, -w = -v - 1. List the prime factors of v.
2
Suppose -4*h = 2*o + 16, -7*h + 6*h - 4 = -4*o. Suppose -5*i = 5, -k - 2*k + 5*i + 44 = o. Suppose 9*c = k*c - 256. What are the prime factors of c?
2
Let n = 41 - 36. Suppose 0 = n*x + x - 1122. List the prime factors of x.
11, 17
Suppose 0 = 8*x + 896 + 608. Let v = 318 + x. List the prime factors of v.
2, 5, 13
Let z be (0 - -65) + -7 + 5. What are the prime factors of (-40)/(0 + 3/(z/(-6)))?
2, 5, 7
Let q be -4 - (7 + -3 - 1). Let i(g) = -2*g**3 - 12*g**2 + 10*g - 1. What are the prime factors of i(q)?
3
Let b(g) = 89*g**2 + 2*g. Suppose 3*j - 5 = 4, -2*j = q - 7. What are the prime factors of b(q)?
7, 13
Let p = -17 + 51. What are the prime factors of p?
2, 17
Let q(a) = 14*a - 2. Suppose -5*h = -13 + 8. Let y be q(h). Suppose -30*w + 26*w + y = 0. List the prime factors of w.
3
Let z(i) = -2*i + 1. Let u be z(-2). Let b(k) = -k + 4. Let n be b(u). Let g(j) = 4*j**2 + 2*j + 1. What are the prime factors of g(n)?
3
Suppose -2*j = -p + 243, p = -5*j + j + 267. What are the prime factors of p?
251
Suppose 295 = 4*j - 3181. List the prime factors of j.
11, 79
Let f = 24 + -31. What are the prime factors of 21/f + (1 - -27)?
5
Suppose -3*u = 12, -2*a + 3*u = -a - 931. List the prime factors of a.
919
List the prime factors of (-10 - (-20188)/21)/((-2)/(-3)).
1427
List the prime factors of 7599/15 + (56/(-35))/(-4).
3, 13
Let v(n) be the first derivative of -n**4/4 + 13*n**3/3 - 5*n**2/2 - 11*n - 8. Suppose -8 = -2*j + 16. What are the prime factors of v(j)?
73
Let n(q) = 47*q**2 - 1. Let y be -3 - 6*(-12)/18. List the prime factors of n(y).
2, 23
Suppose 20245 = 20*a - 1715. What are the prime factors of a?
2, 3, 61
What are the prime factors of (-78)/(-26) + (3 - 0) + 941?
947
Let p = 1 - 0. What are the prime factors of ((-45)/(-2) - p) + 18/(-36)?
3, 7
Suppose 5*f = -10, -5*t + 104*f - 102*f = -17964. List the prime factors of t.
2, 449
Let v(s) = 13*s**3 - 29*s**2 + s + 16. Let u(r) = -3*r**3 + 7*r**2 - 4. Let m(p) = 9*u(p) + 2*v(p). Let d be m(-4). List the prime factors of 2/(-7) - d/(-21).
2, 3
Suppose 32*u - 6111 = 25*u. List the prime factors of u.
3, 97
Let c be 13 + -15 - 1*51. Let z = 56 + c. What are the prime factors of z?
